*t + 8. What is x(4)?
-12
Let g(t) = t**3 + 8*t**2 + 8*t. Determine g(-6).
24
Let v(s) = 2*s - 3. Determine v(0).
-3
Let z(m) = m**3 + 14*m**2 - 4. Calculate z(-14).
-4
Let y(l) = -l**3 + 6*l**2 + 13*l + 10. Give y(8).
-14
Let m(t) = 21*t**3 + 2*t**2 - 1. Give m(1).
22
Let s(k) = k**2 - 7. Determine s(4).
9
Let s(b) = -b**3 + 5*b**2 - 2*b - 6. Give s(4).
2
Let m(r) = -r**2 + 5*r - 3. Give m(3).
3
Let t(i) = -i**3 + 2*i**2 - 1. Give t(3).
-10
Let u(c) = -c**3 + 15*c**2 - c + 5. Determine u(15).
-10
Let d(b) = b**3 + 23*b**2 - 52*b - 46. Give d(-25).
4
Let k(s) = 11*s + 64. Determine k(-4).
20
Let m(q) = q**2 + q + 9. What is m(-7)?
51
Let n(u) = u**3 + 26*u**2 - 2*u - 45. Calculate n(-26).
7
Let k(z) = -z + 5. Calculate k(-9).
14
Let c(w) = -w**2 - 3*w + 3. What is c(-5)?
-7
Let n(t) = 9*t - 12. Give n(-3).
-39
Let z(d) = d**3 - 10*d**2 + 8*d + 5. What is z(9)?
-4
Let b(r) = r**3 - 11*r**2 - 3*r + 27. Determine b(11).
-6
Let o(g) = g**3 - 3*g**2 + g + 3. What is o(3)?
6
Let a(b) = 33*b + 2. Determine a(-1).
-31
Let z(v) = v**3 + 26*v**2 + v + 22. Give z(-26).
-4
Let l(a) = -a**2 - 11*a + 6. What is l(-11)?
6
Let t(f) = -12*f + 11. What is t(-3)?
47
Let u(s) = s**2 + 3*s - 4. Give u(-5).
6
Let r(w) = 6*w - 49. What is r(10)?
11
Let b(g) = 4*g + 27. Calculate b(-7).
-1
Let t(v) = 33*v + 157. What is t(-5)?
-8
Let o(b) = -19*b + 5. Give o(2).
-33
Let j(m) = m**3 + 27*m**2 + 26*m - 39. Give j(-26).
-39
Let w(j) = 2*j - 29. Determine w(8).
-13
Let i(b) = b + 12. Determine i(6).
18
Let g(m) = -m + 3. Give g(0).
3
Let b(s) = s**2 - 9*s + 19. Determine b(10).
29
Let f(x) = 3*x - 7. What is f(0)?
-7
Let b(m) = -3*m + 15. Determine b(10).
-15
Let z(y) = y - 14. Give z(9).
-5
Let f(h) = 4*h**2 - 3*h + 7. Determine f(6).
133
Let f(k) = k**3 + 16*k**2 - 7. What is f(-16)?
-7
Let l(i) = 40*i - 4. Give l(2).
76
Let t(s) = s + 9. Give t(-10).
-1
Let s(q) = -7*q. Give s(4).
-28
Let b(r) = r**3 - 17*r**2 + 15*r + 23. Give b(16).
7
Let a(i) = i**3 - 6*i**2 - i - 3. Give a(7).
39
Let n(h) = -4*h - 4. Determine n(-6).
20
Let o(z) = 3*z**2 - 16*z. Determine o(0).
0
Let z(h) = -5*h**2 - h + 8. Calculate z(-3).
-34
Let s(g) = -g**3 + 7*g**2 + 12*g - 49. Give s(6).
59
Let k(o) = o - 5. Calculate k(5).
0
Let i(z) = z**3 - 7*z**2 - 6*z - 10. Calculate i(8).
6
Let c(w) = w**2 + 2*w - 9. Give c(5).
26
Let q(o) = -o**3 - 3*o**2 + 28*o + 87. Give q(-3).
3
Let v(m) = -12*m + 136. What is v(10)?
16
Let o(c) = -35*c - 22. Give o(-1).
13
Let h(l) = l**2 + 27*l + 68. Give h(-24).
-4
Let h(g) = 2*g**3 + 7*g**2 - 6. Determine h(-5).
-81
Let o(l) = l + 21. Calculate o(-8).
13
Let f(z) = -2*z**2 + 7*z - 2. Determine f(3).
1
Let n(u) = 16*u**2 - 320*u + 6. Give n(20).
6
Let x(f) = -9*f**2 - 341*f + 38. Calculate x(-38).
0
Let q(h) = -18*h**2 + h - 3. Give q(3).
-162
Let s(q) = -q**2 + 15*q + 65. Determine s(18).
11
Let w(o) = -3*o - 38. Give w(-11).
-5
Let k(a) = a**2 + 7*a + 5. Give k(-8).
13
Let z(y) = y**3 + 7*y**2 - 8*y - 4. Give z(-8).
-4
Let s(d) = d**2 + 12*d + 17. Calculate s(-11).
6
Let k(z) = -z**3 + 7*z**2 + 51*z - 74. Determine k(11).
3
Let p(j) = j**2 - 30*j + 78. What is p(27)?
-3
Let o(m) = -5*m**2. Determine o(-1).
-5
Let d(j) = -11*j + 70. What is d(8)?
-18
Let j(i) = 3*i**3 + 8*i**2 + 3*i + 3. Determine j(-3).
-15
Let r(b) = -4*b + 13. Calculate r(3).
1
Let w(p) = -2*p**3 - p**2 - 2*p - 1. Calculate w(2).
-25
Let v(g) = -7*g - 28. Give v(-4).
0
Let h(c) = -6*c - 89. Determine h(-16).
7
Let p(l) = -l**3 - 6*l**2 - 7*l - 22. Calculate p(-5).
-12
Let m(p) = -3*p - 36. Determine m(0).
-36
Let q(k) = k + 3. Calculate q(8).
11
Let t(r) = -21*r + 2. Determine t(3).
-61
Let u(w) = 10*w**3 - w**2 - w. What is u(-1)?
-10
Let t(y) = -y - 28. Calculate t(-24).
-4
Let m(k) = -k**3 - 5*k**2 + 2*k + 2. Determine m(-6).
26
Let t(s) = s**3 - 7*s**2 - 2*s + 1. Determine t(7).
-13
Let u(s) = 50*s**2 - s. What is u(1)?
49
Let r(n) = n**3 - 5*n**2 - 7. Calculate r(5).
-7
Let y(p) = -p**2 + 11*p - 21. What is y(8)?
3
Let f(m) = -m**2 - 25*m + 25. Calculate f(-21).
109
Let o(b) = -b**2 - 11*b - 13. Determine o(-9).
5
Let d(x) = 19*x**2 + 2*x - 3. Determine d(1).
18
Let d(w) = -w**3 + 7*w**2 - 9*w + 5. Determine d(6).
-13
Let t(m) = 2*m**2 + 6*m + 13. Give t(-4).
21
Let h(g) = 4*g + 48. Determine h(9).
84
Let w(s) = 3*s + 48. Give w(-17).
-3
Let z(h) = -h - 1. Calculate z(-1).
0
Let d(i) = -i**3 - 2*i**2 + i - 7. What is d(-3)?
-1
Let q(b) = b**2 - 27*b + 127. What is q(21)?
1
Let f(u) = -2*u**2 + 65*u + 244. Determine f(36).
-8
Let m(d) = -5*d - 37. Give m(-15).
38
Let v(w) = -w**3 - 6*w**2 - 7*w - 8. Calculate v(-6).
34
Let z(l) = -2*l. Give z(0).
0
Let o(w) = w**3 - 12*w**2 - 14*w. Calculate o(13).
-13
Let j(y) = -38*y**2 - 8*y + 12. Give j(2).
-156
Let g(s) = s**3 - s**2 - 6*s - 5. Calculate g(3).
-5
Let n(a) = a**3 - a + 1. What is n(-2)?
-5
Let z(p) = -p**2 + 16*p + 3. What is z(15)?
18
Let g(k) = 14*k - 197. What is g(15)?
13
Let g(b) = -5*b**2 + b + 3. What is g(3)?
-39
Let i(y) = 7*y**2 + 42*y - 3. What is i(-6)?
-3
Let k(v) = -4*v**2 + 3*v - 5. Determine k(2).
-15
Let m(d) = -4*d + 5. Give m(-5).
25
Let a(f) = -6*f - 29. What is a(-6)?
7
Let c(r) = r - 6. What is c(-5)?
-11
Let v(z) = -2*z**2 - 10*z + 6. Determine v(-5).
6
Let z(s) = s**2 - 1. Give z(-3).
8
Let z(w) = w**2 + 16*w - 12. What is z(-16)?
-12
Let z(t) = t**2 + 9*t - 20. Give z(2).
2
Let k(v) = v**3 + 4*v**2 + v + 11. Determine k(-5).
-19
Let w(x) = -x**2 + 67*x - 135. Give w(65).
-5
Let u(w) = 3*w + 55. Calculate u(-16).
7
Let o(a) = a**2 - a + 5. Determine o(4).
17
Let d(t) = t**3 - 10*t**2 - 2*t + 10. Calculate d(10).
-10
Let c(n) = 11*n - 138. Calculate c(12).
-6
Let u(z) = -2*z**2 + 13*z + 33. What is u(-3)?
-24
Let d(o) = o - 20. Calculate d(15).
-5
Let k(q) = 3*q - 9. Give k(12).
27
Let n(j) = -j**2 - 6*j + 18. Calculate n(-8).
2
Let u(b) = -18*b + 38. What is u(2)?
2
Let x(l) = 44*l + 207. What is x(-5)?
-13
Let i(q) = q**3 + 9*q**2 + 16*q + 15. What is i(-7)?
1
Let d(t) = t**3 + 2*t**2 - t - 4. Calculate d(-3).
-10
Let g(d) = d**2 + 8*d + 6. Calculate g(-6).
-6
Let t(z) = 7*z**2 - 4*z - 1. Calculate t(-2).
35
Let k(m) = -m**2 + 35*m + 14. Calculate k(35).
14
Let i(p) = -16*p**3 + p. What is i(1)?
-15
Let v(a) = -3*a**2 - 29*a + 13. What is v(-10)?
3
Let n(i) = -i**2 + 9*i + 35. Determine n(11).
13
Let t(z) = -z**2 + 9*z + 32. What is t(11)?
10
Let o(f) = f**3 + 7*f**2 - 5*f - 9. Determine o(-7).
26
Let x(n) = 3*n**3 + 13*n**2 + 2*n - 11. Give x(-4).
-3
Let f(o) = 12*o**2 + o + 7. What is f(-3)?
112
Let z(u) = 5*u**3 - u**2 + 2*u - 8. What is z(2)?
32
Let z(x) = 6*x + 144. Determine z(-26).
-12
Let z(g) = -12*g - 300. Give z(-24).
-12
Let r(g) = -g**3 - 5*g**2 - 2*g - 32. Determine r(-6).
16
Let r(j) = 4*j**2 + 20*j + 40. Calculate r(-3).
16
Let p(w) = 2*w**3 - 34*w**2 + w - 56. Calculate p(17).
-39
Let a(w) = -2*w**2 - 26*w + 3. Calculate a(-13).
3
Let f(p) = -p**2 + 10*p + 32. What is f(8)?
48
Let y(f) = -f**2 + 19*f - 17. Calculate y(15).
43
Let r(p) = -4*p**2 - 22*p - 5. What is r(-5)?
5
Let o(s) = -s**2 - 7*s - 20. Calculate o(0).
-20
Let d(o) = o**3 - o**2 + 2*o - 99. What is d(0)?
-99
Let r(c) = -c**3 - 3*c**2 + 10*c + 4. Calculate r(-5).
4
Let t(r) = -r**3 + 6*r**2 - 2*r - 5. Determine t(5).
10
Let o(n) = -n + 26. Give o(20).
6
Let m(o) = -o**3 - 18*o**2 - 10*o + 18. Determine m(-17).
-101
Let w(i) = -22*i + 155. Determine w(7).
1
Let g(v) = 7*v + 25. Determine g(-8).
-31
Let l(y) = 8*y + 473. Give l(-60).
-7
Let i(o) = -o**3 - o**2 + 2*o - 6. Calculate i(2).
-14
Let g(z) = -z**3 + 5*z**2 + 6*z - 8. Calculate g(6).
-8
Let a(q) = -q**3 - 10*q**2 - 15*q - 6. What is a(-8)?
-14
Let i(c) = -2*c**3 + c**2 - 4*c + 3. Calculate i(1).
-2
Let r(g) = g**3 - 8*g**2 - 4*g - 14. Give r(9).
31
Let s(f) = 17*f - 1340. What is s(79)?
3
Let k(r) = r - 19. What is k(12)?
-7
Let p(b) = -b**2 + 22*b - 70. Determine p(18).
2
Let m(a) = 5*a**3 + a**2 - 2*a + 2. What is m(1)?
6
Let b(h) = -12*h - 39. What is b(-6)?
33
Let m(x) = 3*x - 10. Determine m(5).
5
Let z(o) = 5*o + 11. Give z(-6).
-19
Let f(w) = w**3 - 11*w**2 + 3*w - 16. Determine f(11).
17
Let s(j) = -j**3 - 4*j**2 - 2*j - 2. Give s(-3).
-5
Let v(x) = 5*x - 34. What is v(11)?
21
Let o(t) = -2*t**3 + 17*t**2 + 57*t - 25. Calculate o(11).
-3
Let f(m) = 60*m**2 + 